13
-98 + 198 - 88 - 103
-91
What is the value of 1 - 82 - (346 + -385)?
-42
What is the value of 62 - (2 - -4) - 37?
19
9 + 8 + (-25 - (-10 - -2)) + 38 + -6
32
Calculate 33 - (91 - (-23 - -72)).
-9
(31 - (43 - 4) - (-22 - -1)) + 21
34
Evaluate (33 + -28 - 5) + -33 + 23.
-10
Evaluate (-216 + 204 - (-1 - 28)) + -48.
-31
Evaluate -3 + -161 + 1094 + -1043.
-113
What is the value of (8 - (98 - 93)) + (2 - -44)?
49
Evaluate -11 + 2 + (14 - -23) + -10 + -10 + -49.
-41
(20 - (-3 + 13) - (-4 - -47)) + 12
-21
Calculate -51 + 9 + (-8 - -10 - (-36 - -30)).
-34
-105 - (-61 + (0 - 121))
77
What is the value of (-1 - -12) + (3 - 63 - -14 - 88)?
-123
What is the value of -34 - (-8 - (-64 + 31))?
-59
Calculate -106 - (56 - 51 - 65).
-46
What is the value of (34 - 40) + -9 - 7?
-22
Evaluate -33 + (-33 - -72) + 6.
12
What is -1 - (5 - -1 - (-7 + 3 + -4 + 9))?
-6
Calculate 73 - 112 - -33 - (1 - -1 - (-55 - -2)).
-61
Evaluate -17 - (26 - (-35 - -58)).
-20
Calculate -12 - 100 - (1 + -35 - -37).
-115
Evaluate -35 - (-66 - -50) - 10.
-29
Evaluate -81 + 67 - (3 + -3 + -11) - (27 + 1).
-31
Evaluate (37 - 2) + (-30 - (21 - (-19 + 86))) + -12.
39
26 + (-65 - -16) - -66
43
(16 - 0) + 102 + -82 + 4
40
(-16 + (1 - -4) - (-22 + 2)) + (1 - 43)
-33
What is the value of 7 + (-8 - ((-212 - -182) + 8 + 3 + 2))?
16
What is -8 - -4 - (26 - (28 - -34))?
32
Calculate 2 - (-84 - 0) - (-63 + 21 - (-18 - 14)).
96
2768 - 2814 - (-51 + -1)
6
What is 98 + (-3 + (-3 + -1 - (-9 - -14)) - -5)?
91
Evaluate 73 + 170 + -192 + (21 - 5).
67
What is 133 + -134 + 2 + (0 - 46)?
-45
(-25 - -6) + -3 + -17 + (6 - -1) - 6
-38
0 + 16 + -277 + 260 + 2
1
What is 23 + 8 + (-312 - -334)?
53
What is the value of 4 + 1 + (80 - 19) - (3 + 8)?
55
Evaluate -73 - (54 - (-11 + 97)).
-41
99 - 61 - 39 - (15 - (1 + -1))
-16
-142 - -99 - (-102 - -20)
39
(-2 - -36) + -22 + 7 + 42 + -15
46
Calculate -50 + 1 + -5 + 3 + 0 - (72 + -65).
-58
What is 30 - ((-27 - -8) + -3 - -6)?
46
What is the value of (-24 - ((-22 - 2) + -19)) + 41?
60
Calculate 19 - (-11 + 7 - -21) - 16.
-14
Evaluate -12 - (0 - (-7 - (-2 - 8) - (10 + 2))).
-21
Calculate 64 - (-14 + 48) - -19.
49
What is the value of -390 + 404 + (10 - -31)?
55
Calculate (-1 - (13 + (0 - (-5 + 17)))) + (2 - 46).
-46
What is 166 + 22 - 174 - (-3 + -1 + 14)?
4
What is -23 + -1 + 62 + -67 + -23?
-52
What is -259 + 288 + -3 + 3?
29
Evaluate (-2 + 1 - (10 + 23 + -34)) + 6.
6
Calculate (14 - (-10 - (13 - 5))) + 46.
78
Calculate 11 - -107 - (-62 + 56 - 4).
128
-34 - (1 + (-22 - 16) - 116)
119
What is the value of -14479 + 14450 + 0 + -89?
-118
Calculate -91 + 185 + -89 + -40.
-35
Evaluate (-1 - 7) + (-105 - -108 - (42 + -1)) + 1.
-45
Calculate 5 + (3 - 21 - 0) - (64 + -69).
-8
What is 5 - 1 - (-2 + (16 - -5 - 7) + 0)?
-8
Calculate -49 - 0 - (7 + 20 + -13 - 14).
-49
What is -39 + 116 + (17 - 41)?
53
Calculate 320 + -231 + (6 - 12 - 23).
60
What is -5 + -13 - (9 + -8 - 13 - 1)?
-5
What is -6 - ((0 - 0) + -37 + (70 - 14))?
-25
What is 164 - 166 - (1 + 26 + -21 + 0 + -2)?
-6
What is the value of 78 + (-306 - -100 - -75)?
-53
37 + (-5 - 25) + 38
45
What is (16 - 41) + 33 + (-17 - -6)?
-3
Evaluate -141 + 1 - (10290 + -10395).
-35
Evaluate 4 - ((-34 - -10 - -4) + 13 + 1).
10
Calculate -41 - ((-3 - (12 - 0)) + 1).
-27
Calculate (32 + -21 + -30 - -2 - 0) + -97.
-114
Calculate -52 + (-46 - -126) + -81.
-53
What is the value of (-2 - -71) + -1488 + 1440?
21
What is the value of -28 + -1 - ((87 - 71) + -89)?
44
Evaluate (-40 - (-5 - (30 - 11))) + 10 + 0 + -4.
-10
What is (-2585 - -2519) + -1 + 129?
62
Evaluate -51 + (-5 - (-9 - (9 + -17) - -6)) - -7.
-54
Calculate (0 - (-3 + 24 + 0)) + (3383 - 3400).
-38
Calculate (11902 - 11780) + (-2 - 4).
116
What is -7 + 1 + -3 + (1452 - 1398)?
45
27 - 7 - (8 + 59 - 4)
-43
What is the value of -37 + 6 + 158 + -60?
67
What is 4 + (21 - (-18 + -14 + 18))?
39
What is the value of -93 - (21 + (19 - 16 - 39) + 1 + 1)?
-80
Evaluate (-13 - (-4 - -11)) + -17 - -111.
74
What is (30 - ((-5 - -7) + 4)) + -9 + -24 + -62?
-71
What is the value of -63 - (36 + -20 + 5 - 3)?
-81
What is -13 - 41 - -46 - (-4 + -7)?
3
Calculate -18 + 137 + (10 - 38) + (3 - 19).
75
Calculate -112 + 50 - -34 - 7.
-35
-44 - (0 - -1 - -11 - (-33 - (28 - 79)))
-38
-7 + 5 + ((28 - 156) + 17 - 12)
-125
Calculate (-78 - -3) + 58 + 80.
63
What is the value of 55 - (-84 + 138) - 71?
-70
What is the value of (189 - (92 + -40)) + -215?
-78
-1 + -1 - -1 - (132 + (11 - 106))
-38
Calculate 11 - (-11 - 17 - 72) - -9.
120
Evaluate -2 + 8 - -2 - ((-25 - -229) + -109).
-87
What is 28 - (295 - 98 - 89)?
-80
Calculate 17 - (1 + (9 - 24 - (-13 + -1))).
17
What is 56 + 1 + (-2 - (9 - (-30 + 37)))?
53
-7 - (-26 - ((6 - -11) + -41))
-5
Evaluate (101 - 73 - (23 - 0)) + (-3 - (3 - 5)).
4
What is 47 + -2 + (-9 - (14 + 4))?
18
Calculate -20 + 4 - (-4 + (-12 + 26 - 24)).
-2
What is the value of 41 + (-14 - (-4 - -19))?
12
-18 + (-13 - (-2 - 62)) + 9
42
What is the value of -12 + 14 + -10 + 13 + -23 - 7?
-25
What is the value of (0 - ((-33 - -24) + -18)) + 24?
51
What is the value of (7 + -2 + 7 - (-6 + 10 + 11)) + -2?
-5
What is the value of 16 - (112 - (-24 - -20 - -23 - 17))?
-94
Evaluate 15549 + -15440 + (-2 - (22 - -1)).
84
Calculate 17 - (81 + 27 - (66 + -64)).
-89
Evaluate (16 - (-7 + 9)) + -4 + -16.
-6
What is (6 - -8 - -4) + -3 + -5 + 40?
50
What is the value of (25 - ((132 - 4) + (39 - 37))) + -14?
-119
What is 22 - (61 + (68 - 126))?
19
Calculate 18 - (-104 + 199) - (-24 + 1).
-54
What is -3 + 44 - (-4 + (4 + -11 - 0))?
52
Calculate -20 + (10 - -44) - -5 - 122.
-83
Calculate -20 + (8 - 9) + 56.
35
Calculate 12 - (95 + (1 - 10)) - -5.
-69
What is the value of -1 + 43 + -20 - 37?
-15
Evaluate -9 + 34 + (-7 - 0) + (3 - 15).
6
What is the value of (148 - 122) + (-10 - 1) + 0?
15
50 - (19 + (19 - 27))
39
What is the value of -5 - (-3 + 0 + 7 - (21 - 18))?
-6
-99 + (-148 - -337) + 63
153
Calculate -1 + (-143 - -167) + -45 + 3.
-19
What is the value of -70 - -40 - -18 - 89?
-101
Evaluate 29 + 46 + 58 + -132.
1
What is -70 + -3 + 2 - (-22 + 19 + -2)?
-66
Evaluate 24 + (12 - 18) + 16 + -8.
26
Evaluate 69 + 17 + -83 + 32.
35
252 + -185 - ((47 - -8) + -11)
23
Calculate 31 + 2 + -13 + -4 + 14.
30
What is (18 - (11 - -10) - 1) + -3 + 19?
12
Evaluate -10 + ((-19 + 1 - 5) + 5 - (0 + 8)).
-36
(25 - 11) + -19 + 1 + -11
-15
Calculate -1 - 1 - -1 - (60 - (86 - -60)) - -15.
100
-17 + -1 - ((-53 - -36) + 14) - -2
-13
What is the value of 26 + (-91 - -19) - (-11 + 16 + -11)?
-40
What is the value of -7 + -17 + 22 - ((-1 - -2) + -15) - 90?
-78
Evaluate (-39 - -209 - 34) + -73.
63
What is the value of (-28 - (32 + 23)) + 83?
0
What is the value of (-96 - -138) + -2 + -19 - 10?
11
What is the value of 8 + 29 + -25 - (-1 - 0 - -13) - -68?
68
Evaluate -73 + (60 - -19) - (42 + (-2 - 0 - -2)).
-36
Evaluate 501 + -498 + 0 + 4.
7
What is the value of -20 + 0 - (134 - 182)?
28
Evaluate 8 - (2 + (13 - 6) + 8 + 13 + -8).
-14
What is 108 + (-104 - -174 - 71)?
107
What is the value of (18 - 6 - -58) + (-28 - -7)?
49
What is the value of -17 + (-37 - 37 - 39) - (-4 + (-2 - -3))?
-127
Calculate -338 + 240 - (-12 + 16 + -6).
-96
What is the value of 5 + (-9 - -4) - (-6 + (-28 - -47))?
-13
Evaluate -2 + -2 - (47 - 25).
-26
What is -24 + (-220 - -210 - (0 + -3 + 1))?
-32
Evaluate (63 + -205 - -47) + 108.
13
Evaluate (6 + 35 + -15 - -87) + -19 + 2.
96
(-21 - -102 - -61) + -33
109
Calculate 5322 + -5331 - ((2 - (2 + -3)) + -2 + -66).
56
What is 33 + (4 - 6 - (-1 + 10)) + 1?
23
What is the value of (-59 - -16) + (-21 - -48)?
-16
5 + -75 + 5 + (-13 - -2 - 17 - -24)
-69
-113 - (-100 - -40) - 28
-81
Calculate 16 + 9 + 3 + (20 - 14).
34
-75 - -13 - -26 - (7 - (9 - (-1 + 7)))
-40
Evaluate -278 + 288 + (1 + -16 - 2).
-7
Calculate 499 + -440 - (0 + 13).
46
Calculate -137 + (-39 - -3 - 1 - -42).
-132
Evaluate -404 - -453 - (-1 + 44).
6
What is the value of -4 + (2 - 0) - (-1 - ((36 - -2) + 2))?
39
What is the value of -23 + 44 + -19 - -13?
15
Calculate (-2 - -3) + 0 + 0 + 3 - (22239 + -22280).
45
-1 - 70 - (345 + -381)
-35
What is 13 + (-27 + (24 - 13) - -13) - 54?
-44
Calculate (-1 + 1 - (8 + 52)) + (-28 + -10 - -37).
-61
What is 1 + -19 - (147 + -165 + 41)?
-41
Calculate 49 - (36 - -1 - (293 - 273)).
32
Evaluate 26 + -34 + 16 - (13 + -1).
-4
17 + (4 - 3) 